der when 7585801 is divided by 562?
487
What is the remainder when 20899446 is divided by 646?
54
What is the remainder when 6520144 is divided by 724429?
283
What is the remainder when 9950 is divided by 97?
56
What is the remainder when 5385768 is divided by 548?
24
Calculate the remainder when 73724 is divided by 2442.
464
What is the remainder when 1601478 is divided by 3264?
2118
Calculate the remainder when 129972364 is divided by 38.
14
Calculate the remainder when 6518251 is divided by 509.
506
What is the remainder when 11625 is divided by 10885?
740
What is the remainder when 148594487 is divided by 506?
503
What is the remainder when 4709 is divided by 1030?
589
Calculate the remainder when 784030 is divided by 5807.
85
What is the remainder when 251843066 is divided by 3328?
3322
Calculate the remainder when 1935247 is divided by 2072.
2071
Calculate the remainder when 12249 is divided by 5775.
699
What is the remainder when 60882 is divided by 834?
0
What is the remainder when 2448542 is divided by 34?
32
What is the remainder when 62615266 is divided by 11?
10
Calculate the remainder when 5903218 is divided by 384.
370
Calculate the remainder when 880555 is divided by 880407.
148
Calculate the remainder when 59283811 is divided by 380.
11
Calculate the remainder when 28636757 is divided by 192193.
0
Calculate the remainder when 65507991 is divided by 800.
791
Calculate the remainder when 7253298 is divided by 233.
8
What is the remainder when 190585 is divided by 1138?
539
Calculate the remainder when 36500 is divided by 6034.
296
What is the remainder when 323992 is divided by 564?
256
Calculate the remainder when 106032 is divided by 10603.
2
Calculate the remainder when 222128 is divided by 221836.
292
What is the remainder when 12215 is divided by 9515?
2700
What is the remainder when 381370 is divided by 410?
70
Calculate the remainder when 1200175 is divided by 240035.
0
What is the remainder when 23790 is divided by 23539?
251
What is the remainder when 11316432 is divided by 3772119?
75
Calculate the remainder when 133865333 is divided by 1012.
1009
Calculate the remainder when 39482 is divided by 1169.
905
What is the remainder when 312099 is divided by 486?
87
Calculate the remainder when 689388 is divided by 348.
0
Calculate the remainder when 102379191 is divided by 20.
11
What is the remainder when 339962000 is divided by 57?
35
What is the remainder when 890501 is divided by 80915?
436
Calculate the remainder when 5341933 is divided by 190770.
373
Calculate the remainder when 3537195 is divided by 254.
245
What is the remainder when 152049 is divided by 114?
87
What is the remainder when 934483 is divided by 934415?
68
Calculate the remainder when 599561 is divided by 199779.
224
Calculate the remainder when 99196217 is divided by 5387.
5386
What is the remainder when 100148472 is divided by 40?
32
Calculate the remainder when 17480268 is divided by 2733.
0
Calculate the remainder when 5696033 is divided by 1139192.
73
Calculate the remainder when 180221 is divided by 90092.
37
Calculate the remainder when 3521325 is divided by 279.
66
What is the remainder when 2591731 is divided by 1705?
131
Calculate the remainder when 38730 is divided by 1775.
1455
What is the remainder when 2056578 is divided by 353?
0
Calculate the remainder when 333869187 is divided by 55.
47
Calculate the remainder when 169874400 is divided by 476.
472
What is the remainder when 369288 is divided by 61542?
36
Calculate the remainder when 3366585 is divided by 374065.
0
Calculate the remainder when 23509 is divided by 23473.
36
Calculate the remainder when 40278 is divided by 39753.
525
What is the remainder when 57656334 is divided by 152?
150
What is the remainder when 641660 is divided by 3857?
1398
Calculate the remainder when 16594270 is divided by 91681.
9
What is the remainder when 10454291 is divided by 1493469?
8
Calculate the remainder when 386596 is divided by 3044.
8
Calculate the remainder when 19057455 is divided by 894.
57
Calculate the remainder when 6767710 is divided by 16877.
33
What is the remainder when 29569529 is divided by 14784747?
35
Calculate the remainder when 47232 is divided by 3450.
2382
What is the remainder when 14221575 is divided by 428?
419
Calculate the remainder when 1528064 is divided by 5.
4
Calculate the remainder when 894560 is divided by 4122.
86
What is the remainder when 11632437 is divided by 7?
5
What is the remainder when 9016402 is divided by 4508187?
28
Calculate the remainder when 785883 is divided by 1578.
39
What is the remainder when 140801 is divided by 3323?
1235
What is the remainder when 2561892 is divided by 2974?
1278
What is the remainder when 6130475 is divided by 383143?
187
Calculate the remainder when 3983079 is divided by 142252.
23
What is the remainder when 57379 is divided by 102?
55
Calculate the remainder when 225376 is divided by 741.
112
What is the remainder when 76412 is divided by 6190?
2132
What is the remainder when 29549 is divided by 145?
114
Calculate the remainder when 1270572 is divided by 185.
177
Calculate the remainder when 40071 is divided by 548.
67
What is the remainder when 1091955 is divided by 109195?
5
What is the remainder when 3470986 is divided by 867746?
2
Calculate the remainder when 1355511 is divided by 2145.
2016
Calculate the remainder when 302747 is divided by 10.
7
What is the remainder when 104801 is divided by 32320?
7841
What is the remainder when 1032794 is divided by 6883?
344
Calculate the remainder when 700496 is divided by 467.
463
What is the remainder when 18472959 is divided by 469?
456
Calculate the remainder when 111762 is divided by 164.
78
What is the remainder when 134131 is divided by 66909?
313
What is the remainder when 650737 is divided by 1276?
1253
Calculate the remainder when 69091 is divided by 22573.
1372
What is the remainder when 28237 is divided by 8980?
1297
What is the remainder when 1111281 is divided by 555634?
13
Calculate the remainder when 840486 is divided by 14491.
8
What is the remainder when 16598173 is divided by 68?
53
Calculate the remainder when 3066103 is divided by 6651.
6643
What is the remainder when 76307 is divided by 5445?
77
Calculate the remainder when 77521 is divided by 180.
121
Calculate the remainder when 65983765 is divided by 49426.
55
What is the remainder when 223417 is divided by 154?
117
Calculate the remainder when 147311 is divided by 2887.
74
What is the remainder when 389790 is divided by 193993?
1804
Calculate the remainder when 1504926 is divided by 752426.
74
What is the remainder when 36415 is divided by 1679?
1156
Calculate the remainder when 773246 is divided by 386586.
74
What is the remainder when 183753 is divided by 4734?
3861
Calculate the remainder when 132850359 is divided by 491.
489
Calculate the remainder when 5807064 is divided by 73.
60
Calculate the remainder when 173248388 is divided by 14.
12
What is the remainder when 18920016 is divided by 4729996?
32
What is the remainder when 2115934 is divided by 423165?
109
What is the remainder when 1076248 is divided by 179179?
1174
What is the remainder when 95009693 is divided by 2011?
2009
What is the remainder when 15171262 is divided by 5590?
2
Calculate the remainder when 2953554 is divided by 68686.
56
Calculate the remainder when 10130012 is divided by 1780.
32
Calculate the remainder when 23606 is divided by 22499.
1107
What is the remainder when 4143564 is divided by 602?
600
Calculate the remainder when 395026 is divided by 35895.
181
Calculate the remainder when 203945 is divided by 2562.
1547
What is the remainder when 252452 is divided by 8?
4
Calculate the remainder when 54996671 is divided by 86337.
2
Calculate the remainder when 188364 is divided by 327.
12
What is the remainder when 336858 is divided by 1186?
34
Calculate the remainder when 334853 is divided by 334413.
440
What is the remainder when 16866648 is divided by 134?
68
Calculate the remainder when 75071074 is divided by 1288.
1282
What is the remainder when 2311300 is divided by 384?
4
Calculate the remainder when 39857828 is divided by 522.
518
What is the remainder when 51336515 is divided by 681?
11
Calculate the remainder when